0
Suppose 0 = -4*d - 4*b + b - 39, b + 19 = -2*d. Calculate the remainder when 3/d - (-260)/6 is divided by (-50)/(-4)*12/10.
13
Let y(h) = 17*h**2 + 10*h - 29. What is the remainder when y(2) is divided by 33?
26
Let c = -7 + 12. Suppose -c*m + 31 + 1 = 3*h, 4*m = 3*h + 4. Calculate the remainder when m is divided by (-952)/(-280) - (-2)/(-5).
1
Let y(t) = 2*t**2 + 17*t + 37. Let i(r) = 5*r**2 + 51*r + 110. Let f(v) = 3*i(v) - 8*y(v). What is the remainder when 29 is divided by f(18)?
13
Suppose -4*b + 3*k + 111 = 0, -4*b = -6*b + 2*k + 56. What is the remainder when 107 is divided by b?
26
Let g(u) = u. Let t be (32/(-10))/((-6)/(-45)). What is the remainder when ((-22)/(-8))/((-1)/t*6) is divided by g(3)?
2
Calculate the remainder when (3 - 2)*(38 - 1) is divided by 2388/(-199) + 1*25.
11
Suppose 0 = -3*w - 5*o + o - 43, -2*o - 15 = w. Let t = -13 - w. Let u(g) = g**3 - g + 23. Calculate the remainder when 89 is divided by u(t).
20
Let s = -128 + 83. Let q = s + 76. Calculate the remainder when 59 is divided by q.
28
Let i(j) = -j**3 + j**2 + j + 2. Let f(z) = z**3 - 10*z**2 - 13*z. Let d be f(11). Let p = d + 24. Calculate the remainder when i(0) is divided by p.
0
Let p(f) = -16*f + 1067. Let r be p(68). Suppose 78 = 4*z - 58. Let j = r + z. What is the remainder when 37 is divided by j?
11
Let h(l) = 9*l - 28. Let m be (44/(-16) - -2)*60/(-9). Suppose -2*b - 245 = -7*b. What is the remainder when b is divided by h(m)?
15
What is the remainder when 130/3 + (-1 + 5)/(-12) is divided by 6?
1
Let f = -72 + 135. Let c(n) = 19*n + 4. Let l be c(4). What is the remainder when f is divided by (-54)/45*l/(-6)?
15
Let k = 459 - 432. What is the remainder when 27 is divided by k?
0
Let a = 208 - 106. Suppose u + a = -49. Let o = u - -219. What is the remainder when o is divided by 23?
22
Suppose 0 = v + 2*j + 12, 5*v - j + 15 = 4*v. Suppose 0 = -9*x + 137 + 124. Calculate the remainder when (-1182)/(-21) - (-4)/v is divided by x.
27
Suppose 0 = -5*o + 9 + 31. Let s = 11 + 17. Calculate the remainder when s is divided by o.
4
Let c = -83 + 95. Suppose -c*q + 16*q = 108. What is the remainder when q is divided by 5?
2
Let l(r) = 3*r + 4. Let m be l(10). Suppose -n + 3 + m = 0. Calculate the remainder when n is divided by (-4)/(-6) - 74/(-6).
11
Suppose 0 = 27*z - 39*z + 108. What is the remainder when 33*(-1 + 2)*1 is divided by z?
6
Let g(d) be the third derivative of d**3 + 0*d + 10*d**2 - 1/120*d**6 + 2/15*d**5 + 0 + 3/8*d**4. What is the remainder when g(9) is divided by 4?
2
Suppose 2*x + 2*r = 32, 0*r + 43 = 3*x + 2*r. Calculate the remainder when x is divided by -7 + (16 - 7) - -4.
5
Suppose b + 3*b + 5 = o, -4*b = o - 5. Let g = 9 - b. What is the remainder when 24 is divided by g?
6
Let f be ((-37)/1)/((-2)/(-2)). Let x = f - -62. Let n = 57 + -50. Calculate the remainder when x is divided by n.
4
Suppose -i - 13 = -19. Suppose t + 110 = i*t. What is the remainder when 65 is divided by t?
21
Let l be 6/(-6) + 14 + 3/(-3). Calculate the remainder when (2/(-4))/(l/(-696)) is divided by 0 + 0 + -2 - -10.
5
Let d = -355 + 611. What is the remainder when d is divided by 65?
61
What is the remainder when (-400)/(-350) + 2770/14 is divided by 54?
37
Let s(t) = 2*t**2 - 16. What is the remainder when 48 is divided by s(4)?
0
Let t be -6*1*-1 - 1. Let j(s) = -s**2 + 13*s - 7. Suppose 4*a + 36 = 3*k, -81*a + 78*a - 48 = -4*k. What is the remainder when j(t) is divided by k?
9
Let b(u) = u**3 - 3*u**2 - 17*u - 14. Calculate the remainder when b(7) is divided by 22.
19
Suppose 3*z = -56 + 68. Let s(n) = -21*n. Calculate the remainder when s(-1) is divided by z.
1
Let b = 467 + -299. Suppose -n + 21 = k, 2*k + 3*n - 36 = 4*n. Calculate the remainder when b is divided by k.
16
Suppose -5*z + 9 + 8 = 4*q, 4*q = -4*z + 16. Let v = 1 + q. Calculate the remainder when 19 is divided by ((-28)/(-7))/(v/10).
9
Let o = 563 - 349. Calculate the remainder when o is divided by 43.
42
Suppose 0 = -j + 5, -370 - 227 = -4*r - 5*j. What is the remainder when r is divided by 27?
8
Let g = -87 + 188. Suppose 4*k - 3*q = 376, -q + 61 + 33 = k. What is the remainder when g is divided by 47/k + (-130)/(-4) + 1?
33
Let x = -10 + 13. Suppose x*b = q + 1, 0*q - b = -3*q - 19. Let m = q - -82. What is the remainder when m is divided by 19?
18
Let m(o) be the second derivative of 5*o**3/3 - 5*o**2 + 10*o. What is the remainder when 89 is divided by m(4)?
29
Suppose 0 = 3*s + 3*c - 9, -5*s - 2*c = -3*c - 21. What is the remainder when 84 is divided by s?
0
Let c(h) = 2*h**2 - 6*h + 5. Let b be c(6). Let u(g) = -g**3 + 7*g**2 - 7*g - 1. Calculate the remainder when b + 0 - (-3 + 3) is divided by u(5).
13
Let n(t) = 3*t**2 - 13*t - 2. Let j(m) = m**3 - 12*m**2 - 13*m + 5. Let p be j(13). What is the remainder when 118 is divided by n(p)?
6
Suppose -2*q - 85 = 3*q. Let h = -12 - q. Suppose -5*g = 3*f - 41, -4*g + h*f + 45 = -g. Calculate the remainder when 37 is divided by g.
7
Let o = -52 - -79. Let q = -23 + o. What is the remainder when 19 is divided by q?
3
Let k(g) = 3*g**2 - 136*g - 69. What is the remainder when 227 is divided by k(46)?
20
Let i = 2191 + -2185. What is the remainder when 580 is divided by i?
4
Let j(p) = 101*p - 146. Calculate the remainder when j(4) is divided by 52.
50
Let z = -23 - 1. Let k = z - -24. Suppose 0*v + 3*v - 15 = k. Calculate the remainder when 6 is divided by v.
1
Let g(i) = i**2 - 11. Let z be g(10). Let w = z - 76. What is the remainder when w is divided by 8?
5
Let t = 36 + 10. Calculate the remainder when t is divided by (-6)/(-15) - 336/(-35).
6
Let p(h) = 12*h**2 - 2*h + 2. Let t = 14 + -13. Let a be p(t). Let b = 22 - a. Calculate the remainder when 27 is divided by b.
7
Let n(p) = p**2 - p + 1. What is the remainder when n(-4) is divided by -2 - (-20)/6*3?
5
Suppose 9*i - 14*i = 320. Let n = 101 + i. What is the remainder when n is divided by 20?
17
Suppose -975 = -26*x + 143. Calculate the remainder when x is divided by 16.
11
Suppose -t = -5*t + 72. What is the remainder when (-218)/(-7) - -1 - (-120)/(-840) is divided by t?
14
Let d be (-12)/1 + -3 + 5 + 1. Let t(j) = -2*j - 12. What is the remainder when 13 is divided by t(d)?
1
Let q = 14 + 42. Suppose i + q = 5*i. Calculate the remainder when i is divided by 10.
4
Let z = 370 - 352. Calculate the remainder when 52 is divided by z.
16
Suppose 24 = -2*l + 80. Calculate the remainder when 96 is divided by l.
12
Let t(k) = k**2 - k + 3. Calculate the remainder when 1 + 40 + 23 + -36 + 16 is divided by t(-4).
21
Let r(g) = g**2 + 6*g - 50. Let v be r(-17). Suppose -30 - v = -o. Calculate the remainder when o is divided by 12.
11
Suppose 73*t + 51*t = 248. What is the remainder when t is divided by 1?
0
Let p be 1 + ((-4)/(-1))/1. Suppose 29 = -s + 5*s + i, p*s + 5*i - 25 = 0. Let d = s + -6. What is the remainder when d is divided by 2?
0
Suppose 5*o - 30 = -4*t + 92, -4*o = t - 102. What is the remainder when 38 is divided by o?
12
What is the remainder when 1802/58 + 38/(-551) is divided by 7?
3
Let m(p) = 2*p - 19. Let z be m(5). What is the remainder when z/(27/(-60)) + 0/2 is divided by 8?
4
Let q = -218 - -273. Calculate the remainder when q is divided by 19.
17
Suppose d - 41 = 50. Suppose -2*o = -4*k + 126, -2*k + 4*o = 3*k - 159. What is the remainder when d is divided by k?
29
Let a(b) = -23*b**3 + 11*b + 11. Calculate the remainder when a(-1) is divided by (5/(-2))/((-2)/4).
3
Let b(a) = -a**3 + 2*a**2 - a + 2. Let m be b(2). Suppose 4*s + 3*z - 43 - 114 = m, -z = -3. What is the remainder when s is divided by 20?
17
What is the remainder when (-3)/(-42)*-6 + (-13816)/(-28) is divided by 71?
67
Let m(w) = -8*w + 22. What is the remainder when 321 is divided by m(-3)?
45
Let o(z) = 14*z**2 + z - 1. Calculate the remainder when 314*2/12 + (-9)/27 is divided by o(1).
10
What is the remainder when (-3504)/15*(-20)/8 - -3 is divided by 14?
13
Let m(h) = 2*h**2 - 3*h + 6. Let q(f) = 3*f**2 - 24*f + 147. Calculate the remainder when q(5) is divided by m(4).
24
Let t(m) be the first derivative of -2*m**2 - 15*m + 7. Let a = -53 + 97. What is the remainder when a is divided by t(-6)?
8
Let v = 161 - 90. Calculate the remainder when 77 is divided by v.
6
Suppose -4*p = -12, 2*p 